{"id":386,"date":"2023-10-11T14:08:38","date_gmt":"2023-10-11T12:08:38","guid":{"rendered":"https:\/\/beschweren.info\/\/?page_id=386"},"modified":"2026-01-07T11:43:40","modified_gmt":"2026-01-07T10:43:40","slug":"mitgliedsantrag-fuer-beschaeftigungsgeber","status":"publish","type":"page","link":"https:\/\/beschweren.info\/?page_id=386","title":{"rendered":"Mitgliedsantrag f\u00fcr Besch\u00e4ftigungsgeber"},"content":{"rendered":"\t\t<div data-elementor-type=\"wp-page\" data-elementor-id=\"386\" class=\"elementor elementor-386\" data-elementor-settings=\"{&quot;ha_cmc_init_switcher&quot;:&quot;no&quot;}\">\n\t\t\t\t\t\t<section class=\"elementor-section elementor-top-section elementor-element elementor-element-5c39c7f6 elementor-section-boxed elementor-section-height-default elementor-section-height-default\" data-id=\"5c39c7f6\" data-element_type=\"section\" data-e-type=\"section\" data-settings=\"{&quot;_ha_eqh_enable&quot;:false}\">\n\t\t\t\t\t\t<div class=\"elementor-container elementor-column-gap-default\">\n\t\t\t\t\t<div class=\"elementor-column elementor-col-100 elementor-top-column elementor-element elementor-element-3505db1b\" data-id=\"3505db1b\" data-element_type=\"column\" data-e-type=\"column\">\n\t\t\t<div class=\"elementor-widget-wrap elementor-element-populated\">\n\t\t\t\t\t\t<div class=\"elementor-element elementor-element-7931dbab elementor-invisible elementor-widget elementor-widget-heading\" data-id=\"7931dbab\" data-element_type=\"widget\" data-e-type=\"widget\" data-settings=\"{&quot;_animation&quot;:&quot;fadeInRight&quot;}\" data-widget_type=\"heading.default\">\n\t\t\t\t<div class=\"elementor-widget-container\">\n\t\t\t\t\t<h2 class=\"elementor-heading-title elementor-size-default\">Mitgliedsantrag f\u00fcr Besch\u00e4ftigungsgeber<\/h2>\t\t\t\t<\/div>\n\t\t\t\t<\/div>\n\t\t\t\t<div class=\"elementor-element elementor-element-40b87bc4 elementor-widget elementor-widget-image\" data-id=\"40b87bc4\" data-element_type=\"widget\" data-e-type=\"widget\" data-widget_type=\"image.default\">\n\t\t\t\t<div class=\"elementor-widget-container\">\n\t\t\t\t\t\t\t\t\t\t\t\t\t\t\t<img decoding=\"async\" width=\"266\" height=\"3\" src=\"https:\/\/beschweren.info\/wp-content\/uploads\/2022\/05\/l2-2.png\" class=\"attachment-large size-large wp-image-74\" alt=\"\" srcset=\"https:\/\/beschweren.info\/wp-content\/uploads\/2022\/05\/l2-2.png 266w, https:\/\/beschweren.info\/wp-content\/uploads\/2022\/05\/l2-2-150x3.png 150w\" sizes=\"(max-width: 266px) 100vw, 266px\" \/>\t\t\t\t\t\t\t\t\t\t\t\t\t\t\t<\/div>\n\t\t\t\t<\/div>\n\t\t\t\t<div class=\"elementor-element elementor-element-61e5cd32 elementor-widget elementor-widget-text-editor\" data-id=\"61e5cd32\" data-element_type=\"widget\" data-e-type=\"widget\" data-widget_type=\"text-editor.default\">\n\t\t\t\t<div class=\"elementor-widget-container\">\n\t\t\t\t\t\t\t\t\t<p>Sehr geehrte Damen und Herrn,<\/p><p>Sie und ihr Unternehmen haben sich entschlossen Mitglied der ZBst zu werden, dazu gratuliere ich Ihnen.<\/p><p>Anbei finden Sie den Mitgliedsantrag.<\/p><p>Ich bitte Sie diesen auszudrucken, zu lesen und bei Einverst\u00e4ndnis in geeigneter Form (FAX; 034202\/343039 oder eingescannt per Mail an kontakt@beschweren.info, oder per Post) an die<\/p><p>Zentrale Beschwerdestelle<br \/>Der Leiter<br \/>Herr Jens Frie\u00df<br \/>Bismarckstr. 01<br \/>04509 Delitzsch<\/p><p>zu senden.<\/p>\t\t\t\t\t\t\t\t<\/div>\n\t\t\t\t<\/div>\n\t\t\t\t<div class=\"elementor-element elementor-element-8c43a05 elementor-widget elementor-widget-button\" data-id=\"8c43a05\" data-element_type=\"widget\" data-e-type=\"widget\" data-widget_type=\"button.default\">\n\t\t\t\t<div class=\"elementor-widget-container\">\n\t\t\t\t\t\t\t\t\t<div class=\"elementor-button-wrapper\">\n\t\t\t\t\t<a class=\"elementor-button elementor-button-link elementor-size-sm\" href=\"https:\/\/beschweren.info\/wp-content\/uploads\/2026\/01\/ZBst-Mitgliedsantrag-HinSchG-009.pdf\">\n\t\t\t\t\t\t<span class=\"elementor-button-content-wrapper\">\n\t\t\t\t\t\t\t\t\t<span class=\"elementor-button-text\">Download Mitgliedsantrag<\/span>\n\t\t\t\t\t<\/span>\n\t\t\t\t\t<\/a>\n\t\t\t\t<\/div>\n\t\t\t\t\t\t\t\t<\/div>\n\t\t\t\t<\/div>\n\t\t\t\t\t<\/div>\n\t\t<\/div>\n\t\t\t\t\t<\/div>\n\t\t<\/section>\n\t\t\t\t<section class=\"elementor-section elementor-top-section elementor-element elementor-element-ead6410 elementor-section-boxed elementor-section-height-default elementor-section-height-default\" data-id=\"ead6410\" data-element_type=\"section\" data-e-type=\"section\" data-settings=\"{&quot;_ha_eqh_enable&quot;:false}\">\n\t\t\t\t\t\t<div class=\"elementor-container elementor-column-gap-default\">\n\t\t\t\t\t<div class=\"elementor-column elementor-col-100 elementor-top-column elementor-element elementor-element-33391e2\" data-id=\"33391e2\" data-element_type=\"column\" data-e-type=\"column\">\n\t\t\t<div class=\"elementor-widget-wrap elementor-element-populated\">\n\t\t\t\t\t\t<div class=\"elementor-element elementor-element-cad5fc4 elementor-invisible elementor-widget elementor-widget-heading\" data-id=\"cad5fc4\" data-element_type=\"widget\" data-e-type=\"widget\" data-settings=\"{&quot;_animation&quot;:&quot;fadeInRight&quot;}\" data-widget_type=\"heading.default\">\n\t\t\t\t<div class=\"elementor-widget-container\">\n\t\t\t\t\t<h2 class=\"elementor-heading-title elementor-size-default\">Warum sollten Sie Mitglied der ZBst werden?<\/h2>\t\t\t\t<\/div>\n\t\t\t\t<\/div>\n\t\t\t\t<div class=\"elementor-element elementor-element-08aab8c elementor-widget elementor-widget-image\" data-id=\"08aab8c\" data-element_type=\"widget\" data-e-type=\"widget\" data-widget_type=\"image.default\">\n\t\t\t\t<div class=\"elementor-widget-container\">\n\t\t\t\t\t\t\t\t\t\t\t\t\t\t\t<img decoding=\"async\" width=\"266\" height=\"3\" src=\"https:\/\/beschweren.info\/wp-content\/uploads\/2022\/05\/l2-2.png\" class=\"attachment-large size-large wp-image-74\" alt=\"\" srcset=\"https:\/\/beschweren.info\/wp-content\/uploads\/2022\/05\/l2-2.png 266w, https:\/\/beschweren.info\/wp-content\/uploads\/2022\/05\/l2-2-150x3.png 150w\" sizes=\"(max-width: 266px) 100vw, 266px\" \/>\t\t\t\t\t\t\t\t\t\t\t\t\t\t\t<\/div>\n\t\t\t\t<\/div>\n\t\t\t\t<div class=\"elementor-element elementor-element-28b501c elementor-widget elementor-widget-text-editor\" data-id=\"28b501c\" data-element_type=\"widget\" data-e-type=\"widget\" data-widget_type=\"text-editor.default\">\n\t\t\t\t<div class=\"elementor-widget-container\">\n\t\t\t\t\t\t\t\t\t<ul><li>Wir schaffen durch unser fundiertes und umfangreiches Fachwissen Vertrauen und eine gute Grundlage f\u00fcr einen internen und rechtssicheren Meldekanal <\/li><li>Interne Meldestellen sind verpflichtend<\/li><li>Hohe Bu\u00dfgelder bei fehlender Einrichtung <\/li><li>Existenzbedrohende Strafen, Sanktionen sowie Imagesch\u00e4den<\/li><li>Etwaige Missst\u00e4nde k\u00f6nnen zun\u00e4chst intern durch uns beachtet werden und Folgema\u00dfnahmen vertraulich eingeleitet und gekl\u00e4rt werden<\/li><li>nicht \u00f6ffentlich, Sch\u00e4den k\u00f6nnen somit abgewendet werden (externe Pr\u00fcfungen durch MD, care proof, Heimaufsicht, Polizei, Staatsanwaltschaft, Finanzamt)<\/li><li>schnell und unkompliziert <\/li><li>keine gesonderte Stelle<\/li><li>niedrigschwellig und barrierefrei<\/li><\/ul><p>Melden sich Hinweisgeber bei uns, und sie sind als Besch\u00e4ftigungsgeber nicht Mitglied der ZBst, m\u00fcssen wir diese an externe Meldestellen verweisen.<\/p>\t\t\t\t\t\t\t\t<\/div>\n\t\t\t\t<\/div>\n\t\t\t\t\t<\/div>\n\t\t<\/div>\n\t\t\t\t\t<\/div>\n\t\t<\/section>\n\t\t\t\t<\/div>\n\t\t","protected":false},"excerpt":{"rendered":"<p>Mitgliedsantrag f\u00fcr Besch\u00e4ftigungsgeber Sehr geehrte Damen und Herrn, Sie und ihr Unternehmen haben sich entschlossen Mitglied der ZBst zu werden, dazu gratuliere ich Ihnen. Anbei finden Sie den Mitgliedsantrag. Ich bitte Sie diesen auszudrucken, zu lesen und bei Einverst\u00e4ndnis in geeigneter Form (FAX; 034202\/343039 oder eingescannt per Mail an kontakt@beschweren.info, oder per Post) an die Zentrale BeschwerdestelleDer LeiterHerr Jens Frie\u00dfBismarckstr. 0104509 Delitzsch zu senden. Download Mitgliedsantrag Warum sollten Sie Mitglied der ZBst werden? Wir schaffen durch unser fundiertes und umfangreiches Fachwissen Vertrauen und eine gute Grundlage f\u00fcr einen internen und rechtssicheren Meldekanal Interne Meldestellen sind verpflichtend Hohe Bu\u00dfgelder bei fehlender Einrichtung Existenzbedrohende Strafen, Sanktionen sowie Imagesch\u00e4den Etwaige Missst\u00e4nde k\u00f6nnen zun\u00e4chst intern durch uns beachtet werden und Folgema\u00dfnahmen vertraulich eingeleitet und gekl\u00e4rt werden nicht \u00f6ffentlich, Sch\u00e4den k\u00f6nnen somit abgewendet werden (externe Pr\u00fcfungen durch MD, care proof, Heimaufsicht, Polizei, Staatsanwaltschaft, Finanzamt) schnell und unkompliziert keine gesonderte Stelle niedrigschwellig und barrierefrei Melden sich Hinweisgeber bei uns, und sie sind als Besch\u00e4ftigungsgeber nicht Mitglied der ZBst, m\u00fcssen wir diese an externe Meldestellen verweisen.<\/p>\n","protected":false},"author":1,"featured_media":0,"parent":0,"menu_order":0,"comment_status":"closed","ping_status":"closed","template":"","meta":{"footnotes":"","_links_to":"","_links_to_target":""},"class_list":["post-386","page","type-page","status-publish","hentry"],"_links":{"self":[{"href":"https:\/\/beschweren.info\/index.php?rest_route=\/wp\/v2\/pages\/386","targetHints":{"allow":["GET"]}}],"collection":[{"href":"https:\/\/beschweren.info\/index.php?rest_route=\/wp\/v2\/pages"}],"about":[{"href":"https:\/\/beschweren.info\/index.php?rest_route=\/wp\/v2\/types\/page"}],"author":[{"embeddable":true,"href":"https:\/\/beschweren.info\/index.php?rest_route=\/wp\/v2\/users\/1"}],"replies":[{"embeddable":true,"href":"https:\/\/beschweren.info\/index.php?rest_route=%2Fwp%2Fv2%2Fcomments&post=386"}],"version-history":[{"count":25,"href":"https:\/\/beschweren.info\/index.php?rest_route=\/wp\/v2\/pages\/386\/revisions"}],"predecessor-version":[{"id":780,"href":"https:\/\/beschweren.info\/index.php?rest_route=\/wp\/v2\/pages\/386\/revisions\/780"}],"wp:attachment":[{"href":"https:\/\/beschweren.info\/index.php?rest_route=%2Fwp%2Fv2%2Fmedia&parent=386"}],"curies":[{"name":"wp","href":"https:\/\/api.w.org\/{rel}","templated":true}]}}